is the value of 34 + (36 - 17 - 6) - (-25 - -10) - 2?
60
What is (-65 - ((-4 - -3) + 1)) + -6916 + 6902?
-79
Calculate -2 - 8 - -4 - (-216 + 220 + 0 + 34).
-44
What is (9 + -1 - (-17 + 12)) + -30?
-17
307 + 49 + -292 - (1 + (-1 - -2))
62
What is -58 - (2 + 15 - 1 - (38 - 36))?
-72
11 + (-39 - (-27 + -1) - (-1 - -2)) + 63
62
What is the value of (-16 + 1 - (-12 + 9)) + 12 - 8?
-8
Calculate 3 + -11 + (53 - 156) + 81.
-30
What is the value of 13 + (-45 - -2 - -42) + -71 + 0?
-59
(55 - 1) + (-10 - -35 - 48)
31
What is 164 + -163 + (0 - 10) + -60 + -20?
-89
-4025 + 3978 - (2 - 157)
108
1521 + -1650 + (79 - -3)
-47
What is the value of (-99 - -168) + -5 + -98?
-34
What is the value of -80 - (30 + 9 + -34) - 3?
-88
-12 + (-72 + -18 - (-4 - -4)) - -8
-94
Evaluate -9 + -14 - (-32 - (-56 + 10)).
-37
58 - (41 - 43 - -16)
44
Evaluate -20 + -4 + -16 - 0.
-40
What is the value of 34 - (-5 - 8) - 16 - (-2 - 5 - 4)?
42
What is the value of -8 - (12 + -27) - (-37 + -3)?
47
Calculate 54 + 7 + (9 + -24 - -14) + -29 + 17.
48
133 + -41 + -31 - 84
-23
What is -419 + 426 - (-4 - -35)?
-24
Calculate (594 - 594 - (-6 + 1)) + 16.
21
What is -59 - -12 - (-167 - -127) - (-3 - (130 + 2))?
128
What is 0 + -5 - (-147 - (38 + -108))?
72
What is the value of 72 - (16 + 6 - (13 + -4 + 7))?
66
What is 36 - (-22 - (1 + -55))?
4
What is the value of 13 - (6 + (3 - (5 + -8)) - (60 - 50))?
11
What is -65 + (-5 - -80) + (-25 - -3)?
-12
Evaluate -3 + (10 - 2 - (-37 + 81)).
-39
What is the value of -303 + 386 + -94 - (-2 - (94 - -2 - 1))?
86
What is -6 - (5 - 21) - (6 + 0 - 16)?
20
What is (-46 - 22) + -3 - (1 + 23 + -2)?
-93
What is 21 + (-6 + -71 - 16) + 5?
-67
(-19 - (-39 + 17)) + 21 - -22
46
What is the value of 3 + 1 + 14 - (75 - (25 - -94))?
62
0 - -73 - (23 + -33 + -7 + 7)
83
What is -10 - ((-41 - 44) + 73 + (1 - (-47 + 2)))?
-44
Calculate -11 + 46 - (-16 - (-2 - (11 + 1))).
37
Evaluate 23 + (-125 - -34) - -44.
-24
What is the value of 19 - -21 - (-33 + 31) - 8?
34
Evaluate 13 + -15 + (-2 - (3 - 12)) + 33.
38
What is -60 - 3 - (1217 + -1247)?
-33
What is 1 + -5 - ((51 - 3) + (463 - 463))?
-52
Calculate (-7 + 7 - 20 - (-40 - -30)) + (0 - -27).
17
Evaluate 6 + 23 + 5 + (9 - 10).
33
What is the value of 5 + 1 + (-11 - ((12 - 2) + -34))?
19
What is the value of (13 + 0 - 2) + -2 - (-91 + 161 + -11)?
-50
What is (-6 - -3 - -2 - -10) + (-84 - -104)?
29
Evaluate 50 - (-37 + (106 - 8)).
-11
What is the value of (-12 - 2) + (-78 - -134) + 1 + 6?
49
Calculate -27 + 17 + (8 - (5 - -28)).
-35
Evaluate -13 + (1 - -1) + (9 - (-29 + 94)) + -8.
-75
21 - (3 + 11 - 5 - 27)
39
What is the value of 23 + -91 + (-2 + -11 - -1) - (6 + 1)?
-87
Calculate (6 - (20 + -7 + -6)) + (7 - -19).
25
What is 107 + (-10 - 64 - 59)?
-26
Calculate (-11 - -22 - -1) + -8 + 2 + -4 + 5.
7
What is the value of 7 - -5 - (-6 - 15 - -45) - -95?
83
Calculate (51 - 0) + (-388 - -350).
13
Calculate (0 - 6) + -3 + (1 - -1) - (-5347 - -5296).
44
Calculate (43 - 1) + 1593 + -1642.
-7
What is the value of 512 - 591 - (-10 - 6)?
-63
-21 - (-41 + 43) - -10
-13
Calculate (23 - (-12 + 34 + -32)) + (5 - 18).
20
Evaluate 61 + (-8 + (-6 - -7) - (-2 + (-4 - -5))).
55
What is 6 + 6 + -1 + 22 + (3 + 4 - 13)?
27
What is the value of -65 - -4 - (18 - (4 - -16))?
-59
What is (-5 - (0 - (10 - 17))) + (-13 - -6)?
-19
0 + 9 + -2 + 9 + -1 + (1 - -21)
37
Evaluate 69 + -35 + (-38 - -42) + (-2 - (1 + -5)).
40
What is 88 + -66 + (-4 + 104 - -12)?
134
Evaluate -3 + 29 + (-1 + -7 + 47 + -54 - -17).
28
What is the value of (48 - -2) + 1331 + -1456?
-75
What is the value of 120 + -241 - -100 - (-1 + -6)?
-14
What is 117 + (-13 - 32) + 74 + -25?
121
What is 62 + 4 - (22 + (1 - (-13 - -33)))?
63
Calculate -171 + 120 + (-26 - -3).
-74
Evaluate (-19 - 1) + 191 + (0 - 134).
37
What is the value of -53 + 2 + -8 + 12 + -1 + -11 + 9?
-50
Calculate 180 - 166 - (5 + -36).
45
What is the value of (-2 - -107) + -94 - -45?
56
What is the value of 26 - 52 - -87 - 14 - -19?
66
-11 - (-20 + (-13 - -1 - -19))
2
Calculate 1 - -7 - (-65 + (109 - 57)).
21
Evaluate 89 + (17 + -11 - 21 - (-10 - -4)).
80
Evaluate -183 - -102 - (-168 + -27).
114
-102 + -131 - (-3 + -102)
-128
Evaluate 0 + (-11 + -1 - (-617 - -635)).
-30
Calculate 51 + -23 + 74 + -52 + (13 - -1).
64
Evaluate -13 - (-1 - 1) - (-23 + 66 + -75).
21
Calculate (34 - -26) + 29 - 60.
29
Evaluate -93 - (-146 - (-87 - -15)).
-19
What is the value of 3 + -35 - (989 + -1049)?
28
Calculate (-15 - -13) + -29 + (-17 - -2).
-46
Calculate (1 - -28) + (-159 - -18 - -131).
19
What is 67 + -235 + 101 - -19?
-48
Evaluate 14 - (60 + -49 - 25).
28
Evaluate -92 + (96 - (95 + -95)).
4
Evaluate -109 - -213 - (-32 + 31).
105
Evaluate (3 - (3 + -43)) + 10 + -32.
21
Evaluate -108 + (2 - (12 + (-4 - -10))) + 12.
-112
What is the value of -11 + 0 + -2 + (42 - (56 - 137))?
110
Calculate -23 + -1 + -23 + 63.
16
Evaluate (5 - (-4 - 1 - (-83 + 73))) + 9.
9
-54 - ((-1 - -10) + 55 + -73 + 1)
-46
Evaluate 5 - (-2 + 5) - 46 - (-5 - 2).
-37
Calculate (-55 - (-138 + 118)) + -56.
-91
What is the value of -31 - (19 + -4 + -7) - (-4 + 3 - 7)?
-31
Evaluate 20 + -13 - (-58 + -1) - ((-30 - -4) + 12).
80
Evaluate -63 + (30 + (18 - 66) - -33).
-48
What is the value of 0 + -11 + 89 + 3 + (40 - (60 - 19))?
80
What is (-3 - 2 - -15) + (-34 - ((-6 - -10) + -33))?
5
Calculate -67 + (-9 + (17 - (-7 - -13)) - -14) + -12.
-63
Evaluate 6 - (-2 - (30 + 4)).
42
What is the value of (-1 - 16) + (21 + -1 - 16) + -1 + -8?
-22
Calculate (18 + (7 - 13 - 0) - 131 - -7) + -5.
-117
What is -9 + -4 - ((8 - (4 - 2)) + 0 + -4)?
-15
Calculate 38 - ((3 - 8 - 0 - -16) + -17 + 7).
37
Calculate -7 + 14 + 20 + (37 - 24).
40
(-63 - (3 - (2 - -1))) + (338 - 340)
-65
What is (47 - 43) + -8 + -38 + -6 + 5?
-43
5 - (3 - (1 - -3)) - 15 - (2 + 73)
-84
Evaluate (-1 - (0 - 2 - 4)) + -5 + -101 + 128.
27
What is the value of 1 - ((54 - (22 + -19)) + (2 - 4))?
-48
Evaluate 10 - (4 + -6) - (5 + 25 + -115 + 19).
78
What is the value of 1 - 67 - (-4870 + 4832)?
-28
Calculate (-96 + 114 - -47) + -119.
-54
What is the value of (-9 - 4) + (38 - 17 - 28 - (1 - 13))?
-8
What is 12 + (5 + 7 - 9) + -9 - 5?
1
What is 10 - (64 - (1 - -27))?
-26
Evaluate (9 - 13) + 7 + 17 - (189 - 69).
-100
9 - -16 - ((-6 - 8) + 48)
-9
-32 + -26 - ((18 - -1) + -7)
-70
What is (15 - -14) + 11 + 4 + -27 + -58?
-41
What is the value of -9 - 6 - (-3 - 30)?
18
-22 + 4 + (15 - 33) + 81
45
Evaluate 22 + -12 + -33 + 0 + 12 - (-62 + 0).
51
Evaluate (5 - 14) + -177 + 167.
-19
What is the value of -51 + 86 + (-60 - -14)?
-11
Evaluate -1 + -49 - ((5 - (-4 + (9 - -4))) + 1).
-47
What is (-2051 - -1995) + (16 - 0)?
-40
Calculate (25 - 61) + -3 + 17.
-22
What is the value of -7 + 41 + (9 - -1) + -21?
23
Calculate ((-80 - 3) + -7 + 5 - -9) + -7 + -1.
-84
What is 16 - ((-8 - -27) + 14) - -26 - (-1 - -56)?
-46
What is the value of 0 + (-23 - 1) - (43128 + -43225)?
73
What is -8 - -96 - (348 - 325)?
65
What is 68 + 13 + (-6 + 7 - 18) + -4?
60
What is the value of 33 + (41 + -27 - 28) + -7?
12
What is (2 - -15) + -38 + 25 + -30?
-26
Evaluate -10 - (92 - (95 + -75)).
-82
31 + -5 - 27 - -20 - -77
96
Evaluate 33 + (-69 - -18) - -19.
1
Evaluate 5 - (-82 - 38 - (-20 + 16)).
121
45 + -36 - (4 + (-3 - 4 - 4) + 17)
-1
What is 1 + 113 + (2356 - 2431)?
39
3 + 33 + -43 + -10 + 18
1
What is the value of 0 + (-23 - (1 + 5)) - ((29 - 18) + -7)?
-33
What is 0 - -21 - (2662 + -2631)?
-10
What is 7 + 8 + 4 + -15 - (-22 + 33)?
-7
What is (-15 - -23) + (3 - 2) + 52 + -191?
-130
What is 1 - -3 - (-25 + -17 - -10)?
36
Calculate 13 + (66 + -64 - (2 + 22 - 2)).
-7
What is the value of 3 - 8 - (-140 + 37 + 38)?
60
Calculate -12 + (-7 - -4 - -2 - 74 - (-23 + 21)).
-85
0 - ((75 - 55) + -35)
15
Calculate 1 + (1 - 97) + (1663 - 1654).
-86
Calculate -1 - (-24 + 88) - -59.
-6
Evaluate 134 - -1 - 4 - (0 + 0 - (-309 + 299)).
121
Evaluate 0 + -2 + 4 + 5 + -7 - (-115 - -11).
104
What is -14 - (67 + (5 + -31 - -57))?
-112
Evaluate (1505 - 1515) + (1 - -48).
39
1 + -15 - ((5 - 20) + (13 - -3)) - 3
-18
What is 58 + (22 - (1 + 20)) + -12?
47
What is (31 - 9) + -24 - ((-4 - -7) + -55)?
50
Evaluate (1 - (0 - 0) - 25) + (-978 - -970).
-32
Evaluate 25 + -54 + (8 - -18) + 2 + -11.
-12
What is 9 + (61 - 41) + 64 + -17?
76
What is the value of (-2 - 10) + (1 - 1) + (-622 - -239 - -405)?